= 0. What is the highest common divisor of 1 and d?
1
Let x = 10 + -9. Let l be (0 - x) + (-135)/(-3). Suppose -5*d + 56 = -l. What is the highest common factor of d and 8?
4
Let s be (-2)/9 - (-38)/9. Suppose 3*k = 8 + s. Suppose -4*u + 76 = -3*a, u + 0*a + k*a - 38 = 0. What is the highest common divisor of 154 and u?
22
Let x = -736 - -912. Let b = -7 + 23. Calculate the greatest common factor of b and x.
16
Suppose 0 = 5*y + 10 - 5. Let u be -11*(y - -2)*-3. Let p(m) = -m**3 + 5*m**2 + 3*m - 4. Let o be p(5). Calculate the greatest common divisor of o and u.
11
Suppose h + 3*l + 36 = -2*h, -5*h - 56 = 3*l. Let s be 20/h + 1*19. Calculate the highest common divisor of 187 and s.
17
Let d = -104 - -156. Let t = 60 + 70. Calculate the greatest common factor of d and t.
26
Let h(f) = f**2 - 3*f - 3. Let d be h(-5). Suppose -2 + 6 = 4*m, -3*b + 2*m = -d. Suppose 5*u - 4 = 61. What is the greatest common divisor of u and b?
13
Let z be 1/2 + (2250/(-12))/(-5). Suppose 3*y + z = 47. Calculate the greatest common factor of y and 27.
3
Let u be (2/(-2) + -4)*-1. Suppose -u*i + 10*i - 110 = 0. What is the greatest common factor of 242 and i?
22
Let g(n) = -n**3 + 16*n**2 - 11*n + 142. Let q be g(7). Calculate the greatest common divisor of q and 66.
22
Let j = 10 - 9. Let b be (-1)/2*(j - 135). Let m = b + -48. What is the highest common divisor of 38 and m?
19
Let h = -35 - -2. Let z = -23 - h. What is the greatest common factor of z and 10?
10
Let a(h) = h**3 + h**2 - 2*h + 576. Let b be a(0). Calculate the greatest common factor of b and 128.
64
Let b = -10 + 17. Let i be (-270)/405 - (-65)/3. Calculate the highest common divisor of i and b.
7
Let s(o) = o**2 + 11*o - 273. Let k be s(18). Calculate the highest common factor of 6 and k.
3
Let u be (3 + (-38)/6)*(-54)/5. Let t be (26/(-6) - 1)/((-8)/u). Calculate the greatest common factor of 8 and t.
8
Let q(d) = -2*d**3 - 9*d**2 - 35*d - 24. Let v be q(-8). What is the greatest common divisor of v and 11?
11
Let a = -576 - -621. Let r = -34 + 64. Calculate the highest common factor of r and a.
15
Suppose 3*l + q = 19, 0 = -5*l - 2*q + 4*q + 28. Let k = -8 + 8. Suppose 0 = -w - k*w + 18. Calculate the highest common divisor of l and w.
6
Let j = -10 - -6. Let m be 0 + 1 + j + 13. Calculate the highest common divisor of m and 10.
10
Let r be -13 + (-102864)/(-176) + 6/11. What is the highest common divisor of 11 and r?
11
Let i(d) = 5*d - 21. Suppose -26*h + 27 = -23*h. Let c be i(h). What is the greatest common factor of 6 and c?
6
Let x = -143 - -151. Calculate the greatest common divisor of 5 and x.
1
Let v = 50 + -43. Suppose -v*l + 2*l + 165 = 0. What is the greatest common divisor of l and 11?
11
Suppose 8 = -6*y + 10*y. Let x be (y - 20)*10/(-3). Suppose 11*p - 3*p = 160. Calculate the highest common divisor of x and p.
20
Let g(x) = -6*x**3 - 8*x**3 - 6 + 13*x**3 - 10*x - 10*x**2. Let c be g(-9). Let j be (-2)/c + 1356/36. Calculate the greatest common factor of 296 and j.
37
Suppose 4*w - 5*c - 1184 = 0, 3*c = 4*w - 5 - 1187. Suppose 4*l = 1651 + w. Let p be 2/(-3) - l/(-12). Calculate the highest common factor of 10 and p.
10
Let d = -627 - -950. Calculate the greatest common divisor of d and 17.
17
Suppose 3*r - r = -3*d + 8, -4*d - 29 = -3*r. Suppose -2 = -3*b + r. What is the greatest common divisor of b and 2?
1
Suppose 1497 = -5*x - 1178. Let u = -66 - x. Suppose -u = -4*i + 3*y - 148, -4*i - 4*y + 356 = 0. Calculate the greatest common factor of i and 12.
12
Suppose 0 = 11*p - 28*p + 51. Suppose -p*x - 70 = -5*x - 2*d, 2*d - 136 = -4*x. What is the highest common divisor of x and 11?
11
Suppose 2*n + 4*f + 6 = -0*f, -4*f = -3*n + 21. What is the greatest common factor of 3 and n?
3
Let f = 359 + -351. What is the highest common factor of f and 26?
2
Suppose -396 = -322*d + 318*d. What is the greatest common divisor of 165 and d?
33
Let w be (1*(49 + (-3 - 2)))/1. Let y be (-24)/(-1) - (0 + 2). Calculate the highest common divisor of w and y.
22
Let o = -1103 + 1194. What is the highest common factor of 35 and o?
7
Let n = 345 + -264. What is the greatest common divisor of 297 and n?
27
Suppose -2*g + 4 = 0, 0 = 2*q - 0*g - 3*g + 42. Let k = q - -29. Suppose -2*a + k = -13. What is the highest common factor of 3 and a?
3
Let r = -40 - -46. Suppose 3*m = r*m - 33. Calculate the greatest common factor of 99 and m.
11
Let g be (10/(-20))/((-2)/224). Suppose -b + 5*b = g. What is the highest common divisor of b and 126?
14
Suppose -5*t - 176 = -3*s, 5*s = 4*t - 16 + 305. What is the greatest common divisor of s and 741?
57
Let p(s) = -3*s + 11. Let z be p(5). Let b be -2 + (-16)/z + 166. Let x = 29 - 1. Calculate the highest common divisor of x and b.
28
Let a(w) = w**3 - 3*w**2 - 2*w - 5. Let c be a(4). Suppose -5*g = -c*g - 16. Let r be 4 - (-6 - -14)*(-5)/(-20). What is the greatest common factor of g and r?
2
Suppose 13*f + 5229 = 22*f. Calculate the greatest common factor of 83 and f.
83
Let y = 24 + -14. Suppose 0 = 8*s - y*s + 20. Suppose -4*l + 7 = -13. Calculate the greatest common divisor of s and l.
5
Let r(o) = -o**2 + 4*o + 8. Let d be r(0). Suppose d*n - 320 = -2*n. What is the greatest common factor of n and 288?
32
Let d = 987 + -975. Calculate the greatest common divisor of d and 732.
12
Let q = 58 + -27. Calculate the highest common factor of q and 124.
31
Let t = -831 + 906. What is the greatest common factor of t and 325?
25
Suppose -r + 2*r = 5. Suppose o + 3*h - 8 = -0*h, -53 = -r*o - 2*h. Let w be ((-45)/(-27))/((-2)/(-66)). What is the highest common factor of w and o?
11
Suppose -6*j + 966 - 300 = 0. Let o be (-29*5 + (-9)/3)/(-2). Calculate the greatest common factor of j and o.
37
Let p be 9 + -6 - 3 - -120. Calculate the highest common factor of p and 80.
40
Let f(n) = n**2 + 3*n + 2. Let v be f(-5). Suppose 284 = 4*a - w, 20*a - w = 19*a + 68. What is the highest common factor of v and a?
12
Let s(w) = -w**2 + 5*w - 3. Let f be s(3). Suppose 30 = 2*d + 4*m, f*d - 5*m + 65 = 8*d. Calculate the highest common factor of d and 1.
1
Let d = 23 + 12. Let i be (-1)/(-3) - (-3)/(9/314). Calculate the greatest common divisor of i and d.
35
Suppose 277 - 700 = -47*k. Calculate the greatest common factor of k and 441.
9
Let u(i) = i**3 + 37*i**2 + 34*i - 40. Let j be u(-36). Calculate the greatest common divisor of 32 and j.
32
Let j be 2/5 + (-146)/(-10). Suppose -16*w - 675 = -21*w. Calculate the highest common divisor of w and j.
15
Let n be (6/(-10))/((-8)/40). Let k be (-8 - 2)*(n/6 + -2). Calculate the highest common factor of k and 9.
3
Let g be (2 - 3)/(9/(-63)). Suppose 5*s = -3*c + 94, -c - s = 1 - 31. What is the highest common factor of c and g?
7
Suppose -b = -7 - 17. Suppose g - 5*o - 31 = -g, g - 28 = 5*o. Suppose l - 50 = s + 117, -2*l = g*s - 339. Calculate the highest common divisor of b and l.
24
Let o = -198 + 326. Suppose 0 = 9*y - o - 16. What is the highest common factor of 4 and y?
4
Suppose -17*u - 752 = -13*u. Let d = 42 - 126. Let s = d - u. What is the highest common divisor of 26 and s?
26
Suppose -11 = -k + 24. Let c be (3/2)/(87/812). Calculate the highest common divisor of k and c.
7
Suppose -4*d + 81 = -71. Let s = -18 + d. Calculate the highest common factor of s and 180.
20
Let h be ((-21)/(126/(-156)))/2. Calculate the greatest common factor of h and 637.
13
Let h = -173 + 176. Let u = -1 - -4. Calculate the greatest common divisor of u and h.
3
Suppose 4*t = 4*n - 116, -6*t + 2*t - 119 = -n. Let a = t - -100. Let r be ((-6)/5)/((-21)/a). Calculate the highest common divisor of r and 16.
4
Let p = 29 - 26. Suppose -4*c - 3*z + 112 = z, -p*c - 5*z = -88. What is the greatest common divisor of 208 and c?
26
Let c be 52 - 4/(2*-1). Let t be 36/(-27) - (-224)/6. What is the greatest common factor of c and t?
18
Let p be 93/9 + (-7)/126*6. What is the greatest common factor of p and 16?
2
Suppose -20*c + 21*c = 36. Let k(z) = 18*z**3 - z**2 + z. Let o be k(1). Let i be (3/9)/(1/o). What is the greatest common factor of i and c?
6
Let w be 10/3*6/4. Suppose -4*p - 4*m + 730 = -2*m, -2*m = -w*p + 890. Suppose -4*i + p = -0*i. What is the highest common factor of i and 15?
15
Let a = 129 - 133. Let b be (-9)/((-5)/(-2) + a). What is the 